t are the prime factors of (1/(-2))/(t/k)?
2, 3
Let i(u) = u**3 - u**2 + u - 8. Suppose 4*q = 3*q. Let f be i(q). List the prime factors of 1/4 + (-30)/f.
2
Let i = 8 - -12. What are the prime factors of i?
2, 5
Suppose 2 = r - 3*w - 15, 0 = 2*r - 5*w - 29. Suppose 4*o - 72 = -0*h - r*h, o + 4*h = 18. What are the prime factors of o?
2, 3
What are the prime factors of 7*(159/21 - -1)?
2, 3, 5
Let h(t) = 8*t**3 + 5 - 3 - 9*t**3 - 3*t**2 - 3*t. What are the prime factors of h(-3)?
11
Suppose 0*h = 2*h + 10, -3*k = 3*h - 93. What are the prime factors of k?
2, 3
Let c(v) = 2*v**3 - 4*v**2 - 6*v + 4. Let m be c(4). Suppose -d = 3*d - m. What are the prime factors of d?
11
Let m(x) = x**2 + 8*x + 5. Let d be m(-6). Let k = d + 12. What are the prime factors of k?
5
Suppose 0 = -5*l + 5*z - 6 + 26, 0 = 4*l + z - 6. Let r be 2/l + (-40)/8. Let b(j) = -3*j + 3. List the prime factors of b(r).
3, 5
Suppose 5*v - 27 = -7. What are the prime factors of 1 + 1 + v*2?
2, 5
Let b = -3 - -2. Let y be (6/15)/(4/40). List the prime factors of (22/y*-2)/b.
11
Suppose -2*m + 2 = -3*y, y - 24 = -y - 5*m. Suppose 0 = -q - 0*q + y. Suppose -q*f + 19 = -3. List the prime factors of f.
11
Suppose 6*x = x - 4*b + 263, 202 = 4*x - b. What are the prime factors of x?
3, 17
Suppose 8 + 108 = q + 2*s, 4*s = 0. What are the prime factors of q?
2, 29
Let f be 2/(-6) - (-50)/6. Let a be ((-90)/f)/(6/24). What are the prime factors of (2*-1)/(10/a)?
3
Suppose -4 = -5*k + 3*k. Let m(x) = 2*x**2 - 5*x**2 + 4*x**k + 2 + 9*x. What are the prime factors of m(-9)?
2
Let m(g) = g**3 + 6*g**2 + 4*g + 1. Suppose 2*p = 2*z - 8, -p - 4 = 3*z - 0*z. Let x be m(p). What are the prime factors of x - -1 - 1/(-1)?
19
Let k be -1 + (-3)/((-6)/64). Suppose -2*t + 93 - k = 0. List the prime factors of t.
31
Suppose 0*m + m + 7 = 5*z, -3*m + 4*z + 12 = 0. Suppose -3*c - 125 = -m*c. Suppose 8*r + 5 = 3*r + 3*s, -5*r - 3*s = -c. List the prime factors of r.
2
Suppose -3*z = 3*d - 18, -2*z - 2*z + 20 = 2*d. List the prime factors of d.
2
Suppose h + 3*h = 3*c + 13, -3*h + 5*c + 18 = 0. What are the prime factors of (-2 - h)*(-4)/6?
2
Suppose -2*a - 1 = -9. Suppose 5*d = -5*l + 5, d - a*l - l = -17. Let u(g) = -7*g + 2. List the prime factors of u(d).
2
Suppose 4*d = 64 - 12. What are the prime factors of d?
13
Suppose 0 = 2*z + 3*z + 5. Let n be (-4)/(z/(1/2)). What are the prime factors of ((-13)/n)/((-1)/2)?
13
Suppose 0 = 2*p + 4*j - j - 47, j - 137 = -5*p. List the prime factors of p.
2, 7
Suppose 0*t - 5*w = 4*t - 35, -2*t + 2*w + 4 = 0. Let l be (-1)/3 + 21/9. Suppose -l*s + 3*s - t = 0. List the prime factors of s.
5
Let q(u) = -u**3 - 2*u**2 - u - 2. Suppose -2*m + 5*m + 9 = 0. Let b be 5*(2 + m) - -2. List the prime factors of q(b).
2, 5
Let z(x) = -x**3 + 10*x**2 - 8*x - 7. Let l be z(9). Let c = 3 - l. Let u(b) = 4*b + 1. What are the prime factors of u(c)?
5
Suppose 3*p = 7*p + 3*x - 1, 11 = 4*p + x. Let b be 0/(2 - (-1 - -1)). Suppose -3*g + b*g = -p*j, 0 = -5*j + 15. What are the prime factors of g?
2
Suppose -4 + 8 = 2*f. Suppose -2*t = n - 5*t - 28, 0 = -f*n - 5*t + 34. What are the prime factors of n?
2, 11
Let m(x) = 5*x**2 + x - 2. Suppose -3*j + 0*j - 5*b + 14 = 0, 4*b - 16 = 0. List the prime factors of m(j).
2
Let l be (-5)/(-7) - (-10)/35. Suppose 0 = -4*m - 0*h + 4*h + 84, -h = l. List the prime factors of m.
2, 5
Let n(m) = -m**3 + 10*m**2 + 24*m - 7. What are the prime factors of n(11)?
2, 17
Suppose -2*a - 42 = -d - 5, 2*d = 5*a + 92. Let w = 34 + a. What are the prime factors of w?
2
List the prime factors of (-65)/(-26)*((-183)/(-5) - 1).
89
Suppose -3*i - f = -3*f - 159, 0 = 4*i + 2*f - 198. What are the prime factors of i?
3, 17
Suppose c = 4*c - 42. Let z = 28 - c. List the prime factors of z.
2, 7
Suppose 0 = -5*m + 20. Suppose -8 = -2*r - m*k, -3*r + 2*k + 12 = -0*r. List the prime factors of r.
2
Suppose 4*n - 14 = -b + 9, -3*b - 16 = -5*n. Suppose -78 = -4*w - b*r, -4*r + 0*r = 3*w - 55. What are the prime factors of w?
3, 7
Let a(t) = -t**3 + 4*t**2 - 6*t + 1. Let y be a(4). Let g = 46 + y. List the prime factors of g.
23
Let f(p) = 3*p**3 + 8*p**2 + 11*p. Let u(x) = 4*x**3 + 8*x**2 + 10*x + 1. Let j(d) = -5*f(d) + 4*u(d). List the prime factors of j(10).
2, 3
Let s = -1 + -2. Let h = s + 10. Suppose -5*a - 3*j + 27 = 0, -h*a - 2*j = -3*a - 20. List the prime factors of a.
3
Let p(d) = -d**2 + 6*d + 3. Let b be p(6). Let l = b + -1. List the prime factors of l/7 + 47/7.
7
Let u(l) = 6*l + 5. Let i(j) = -6*j - 5. Let v(r) = 5*i(r) + 4*u(r). Let d(y) = -y**2 + 3*y - 4. Let m be d(3). List the prime factors of v(m).
19
Suppose -21 = -h - r + 58, -2*r - 360 = -5*h. What are the prime factors of h?
2, 37
What are the prime factors of (-1)/5 - (-2 + 2002/(-10))?
2, 101
Suppose -17*n + 13*n + 20 = 0. Suppose 3*g = -c + 19, 2*c + c + n*g = 77. What are the prime factors of c?
2, 17
Suppose 0*k + 20 = 2*k. List the prime factors of k.
2, 5
Let y(a) = a + 6. Let t be y(-6). Suppose t = -2*i - 2*g - 4, 4*i - 5*g - 15 = -5. Suppose v + 4*v - 25 = i. List the prime factors of v.
5
Let w(g) = 2*g + 21. Let b be w(9). Suppose z - b = -3*u, -3*z + 3*u = 2*u - 167. What are the prime factors of z?
2, 3
Suppose -2*h + 2*q + 16 = 0, -4*h + 34 = h - 2*q. Suppose d - h*d + 55 = 0. List the prime factors of d.
11
Let z(o) = 5*o**3 - o**2 - 2*o + 2. List the prime factors of z(2).
2, 17
Let w(i) = -i + 77. What are the prime factors of w(5)?
2, 3
Let x be -3*3/(-2 + 3). Let g(i) be the third derivative of i**6/120 + 3*i**5/20 - i**4/12 - 7*i**3/6 - i**2. List the prime factors of g(x).
11
Let l = -4 - -2. Let j = l + 5. Suppose j*x = -11 + 35. What are the prime factors of x?
2
Let c(n) = n**3 + 4*n**2 + 2*n - 2. Let f be c(-2). Suppose -q - 2*q + f*j + 120 = 0, -5*q - 3*j + 219 = 0. Suppose 0*z - q = -3*z. List the prime factors of z.
2, 7
Suppose 4*j + 8 = 2*t, 2 = t - 5*j + 1. Let d(b) = -2*b**2 - b - 1. Let u be d(-2). What are the prime factors of t*u*(-1)/3?
2, 7
Let m(f) = f**2 - 3*f + 4. Let t be m(-3). Suppose -6*x + 5*k = -2*x + 28, 3*x + t = 4*k. Let r = x + 7. List the prime factors of r.
5
Let r(n) = -1 + 25*n - 3 + 3. Let c be r(1). Let a = c - 17. List the prime factors of a.
7
Let g = 62 - 37. Suppose -4*r = -5*v + 45, 6*r = r + g. What are the prime factors of v?
13
Let l = -21 + 55. Let f = l + -10. What are the prime factors of f?
2, 3
Let s(c) = c**3 + 0*c**3 + 2*c**2 + 4*c**2 - 3*c - 7. Let t = -4 - 2. List the prime factors of s(t).
11
Let u = 184 + -111. What are the prime factors of u?
73
Suppose 0 = -4*w - 4, p - 2*w - 112 = 0. List the prime factors of p.
2, 5, 11
Let g(m) = 12*m + 11. What are the prime factors of g(7)?
5, 19
What are the prime factors of 25/((-30)/(-6)) - (0 + -3)?
2
Suppose -4*a = 32 - 0. What are the prime factors of 12/a*16/(-3)?
2
Suppose -4*l = -l. What are the prime factors of 25 + (-1 - l) + -2?
2, 11
Let w be 10 - (1 - (-1 - 1)). Let c = w + 3. List the prime factors of c.
2, 5
Let t be (-4)/(-3) - 2313/(-27). Suppose -x + t = 2*x. List the prime factors of x.
29
Let v(o) = 9*o + 6. Let m(l) = -10*l - 6. Let b(d) = -5*m(d) - 6*v(d). What are the prime factors of b(-4)?
2, 5
Let c = 6 - -2. List the prime factors of c.
2
Let c be 1/((0 + 2)/2). Let v = 8 - c. What are the prime factors of v?
7
Let b = 30 + -2. Suppose b = -4*i + 4*v, -5*i + 2*v - 47 = -3. What are the prime factors of 4/i + 141/15?
3
Let u(n) = -34*n - 4. List the prime factors of u(-2).
2
Let y(s) = -5*s + 0*s + s**3 + 1 + 2*s**2 + 2*s**2. What are the prime factors of y(-4)?
3, 7
Suppose -7 + 1 = -f. Let y = 13 - f. What are the prime factors of y?
7
What are the prime factors of (-126 - -2)*-2 + (-6)/(-3)?
2, 5
Let d(q) = -q**3 - 2*q**2 - 2*q - 1. Let h = -28 - -20. Let z(v) = v**2 + 7*v - 11. Let k be z(h). What are the prime factors of d(k)?
2, 7
Let s(a) = 3*a**2 - 6*a - 7. What are the prime factors of s(6)?
5, 13
Suppose 2*n + j + 35 = 6*j, 0 = -n + 4*j - 22. List the prime factors of (0 + -1)*(-3 + n).
13
What are the prime factors of (-10)/40*(-1 - 235)?
59
Let q = -44 - -49. List the prime factors of q.
5
Let d = 43 + -77. List the prime factors of (-2 + 3)/((-2)/d).
17
Let w be (1 + (-1)/(-2))*2. Suppose b + 1 = -2*h, -h + 11 = -3*h - w*b. Suppose n +